- 8)).
4
6 - ((2 - 1) + 3 - -1)
1
Calculate 5 - (-5 - (-16 + 3)).
-3
What is the value of -4 + (0 - (-3 - -3))?
-4
Calculate -1 - (3 - ((-3 - -6) + -3)).
-4
(-2 + -1 - (11 + -9)) + 5
0
What is 3 - (2 - (5 - 4))?
2
What is 4 - (2 - 9 - -4 - -3)?
4
Evaluate 0 + 2 - (-6 - (-1 - 2)).
5
-3 - (10 - 6 - (2 + 0))
-5
1 + -6 + 4 + -3
-4
Evaluate 15 - 0 - (-103 - -114).
4
What is the value of -10 + (4 - -1 - 2) - -2?
-5
What is the value of -1 + (-10 - -4 - (0 - 1))?
-6
What is the value of 11 + -3 + -5 + -6 + 0?
-3
(-14 - -9) + (1 - -5)
1
Calculate -2 + 4 - (-3 - (-3 + -4)).
-2
(-2 - -12) + -21 + 6
-5
(12 - 10) + (-3 - 0 - -1)
0
What is the value of 3 + (2 - 6) + 7 + -4?
2
What is -6 + 5 - (3 - 2)?
-2
What is (2 - 10) + (-9 - (-5 + -9))?
-3
What is the value of -10 + (9 - (-4 + 2 - -6))?
-5
(1 - (3 + -2)) + (-4 - -1)
-3
Calculate 0 + 2 + 1 - -2.
5
Calculate -10 + 4 + (-3 + 3 - 1).
-7
What is -5 + 0 - (-29 - -21)?
3
What is -1 + -11 + 7 - (-4 - 2)?
1
Evaluate -12 - -14 - 3 - (2 - 0).
-3
1 - (-1 + 1 - -7) - 0
-6
What is the value of 4 - (-6 + 8 - 1)?
3
Evaluate -4 - -7 - (2 - 4).
5
-1 - 3 - (0 - (-5 + 5))
-4
Evaluate -3 + 2 + 7 - 2.
4
6 + -5 + -3 + 3
1
What is 2 - ((0 - -13) + -10)?
-1
7 + (7 + -11 - 2)
1
What is the value of (-48 - -42) + 10 + 1?
5
0 + (9 - 4) + (0 - 3)
2
Evaluate 13 - 15 - (-2 - 2).
2
Calculate ((-5 - -3) + -4 - -2) + 3.
-1
Calculate 1 - 1 - (-19 - -11 - -10).
-2
Calculate 4 - (-2 + (1 + 2 - -1)).
2
What is the value of -4 + -1 + (8 - 4)?
-1
5 - (9 + -5 + -1)
2
What is -7 + (1 + -7 - (-13 - -8))?
-8
What is (9 - -1) + -14 + 1?
-3
Evaluate 6 - (-5 - -10) - (-2 + -2).
5
38 - 35 - (1 + -4)
6
What is the value of 6 + (-3 + 2 + 4 - 6)?
3
(10 - -1 - (3 - -1)) + -3
4
What is 0 + -3 + (3 - -5)?
5
Evaluate 6 - 1 - (72 - 66) - -3.
2
5 + (1 - 5) + -6
-5
Calculate 11 + -5 + -5 + -1 - 2.
-2
-11 + 2 + 4 + 5
0
What is 14 - 7 - (-1 - 1)?
9
Evaluate 7 - 7 - -4 - (6 + 5).
-7
Calculate 7 + -1 + (-3 - 0 - 0).
3
Evaluate -5 - (-9 - (-2 + 2)).
4
Evaluate -4 + -1 + (15 - (9 + -3)).
4
What is (-4 - -3) + 6 - 11?
-6
What is (-9 - -5) + -4 + (-2 - -17)?
7
What is -2 - (1 - -3) - (-4 + 1)?
-3
(-4 - -1) + (-13 - (2 - 14))
-4
(6 - 4) + (-3 - 1) - -6
4
3 - (11 - 3 - (0 + 1))
-4
What is -1 - -6 - (107 - 98)?
-4
-5 - (-3 - -8) - (-5 - -1)
-6
Calculate (6 + -13 - -4) + 6.
3
Evaluate 23 - 29 - (-2 + 5).
-9
What is -7 + (-11 + 6 - -15) - 1?
2
Evaluate 2 + 3 + (2 - 4).
3
Evaluate 10 - 0 - 8 - 6.
-4
Evaluate -1 - 0 - (5 + (1 - 9)).
2
Evaluate -2 - (-15 + (-1 - 2) + 12).
4
-4 + (-1 - -4) + (-6 - -3)
-4
Calculate (3 - (0 - 1) - 6) + 5.
3
Calculate 2 + (-7 - (-1 - 3)) + 1.
0
2 - -1 - (-20 + 23)
0
What is (0 - 2) + 2 + (-9 - -11)?
2
What is the value of 12 + -16 + 1 + 5?
2
Calculate -2 - (3 - 1) - -1.
-3
Evaluate -2 + 2 + (-3 - -1).
-2
Calculate (-20 - (12 - 12)) + 11.
-9
Calculate (10 - (24 + -17)) + (-15 - -2).
-10
What is the value of 1 - -5 - (-1 - -5)?
2
Calculate -4 - (-9 + (4 - 2 - 1)).
4
What is 1 - -4 - ((5 - 8) + 12)?
-4
What is the value of 5 - (0 + (-5 - -11))?
-1
What is the value of 4 + -1 + (16 - 18)?
1
Calculate -4 + (3 - -1) + (-9 - -4).
-5
-1 + -10 + (-1 - -7) - -13
8
Evaluate 22 + -9 + 1 + -8.
6
(-1 - 2) + (7 - 7 - 3)
-6
Evaluate -4 - -2 - (7 - -2 - 14).
3
-5 + 4 + 7 - 13
-7
What is the value of -4 + 0 + 0 - -4?
0
What is the value of 7 + (-6 - (6 - 6))?
1
What is -4 + 6 + 2 + -1?
3
Evaluate 10 - 1 - (57 - 52).
4
Evaluate (-4 + -10 - -17) + (-1 - 2).
0
What is 5 - (10 + -3) - 1?
-3
8 + -7 + (11 - 6)
6
Evaluate -1 + 7 + (3 - 6) + 0.
3
Calculate -8 + 5 + (-1 - -8).
4
What is the value of (11 - (10 - 6)) + -10?
-3
What is the value of (-2 + -4 - -1) + 4 - -2?
1
What is the value of -1 + -1 + (1 - 4)?
-5
Calculate 8 + (2 - 7 - -4).
7
What is the value of -4 + (-5 - -12) - 3?
0
12 - ((-10 - -1) + 30)
-9
Evaluate 5 + 12 + (-3 - -5) + -10.
9
1 - 5 - (16 - (8 + 11))
-1
What is the value of (10 - (-1 + 7)) + (-4 - -3)?
3
Calculate 0 + (4 - 3) + 3.
4
Evaluate -3 + 7 + (-1 - 0).
3
Calculate (1 - 4) + -2 + 10.
5
2 + -3 + (-1 - 4) - -3
-3
Calculate -11 + (-4 - (-13 + 3)).
-5
Evaluate 1 + 6 - (-18 + 20).
5
(-11 - -20) + (5 - 12)
2
Calculate -6 + (7 - 5) + -2.
-6
Calculate -3 + (-1 + 1 - -3).
0
Calculate (-3 - -4) + 4 + -5.
0
Evaluate 6 + 1 + -3 - -4 - 3.
5
What is the value of 8 + -7 - -6 - 8?
-1
Evaluate -3 + -4 + -2 + 4.
-5
2 - (-2 - -1) - (-2 + 3)
2
What is (-9 + 0 - -18) + -16?
-7
Calculate -4 - 2 - -4 - 7.
-9
What is (7 - 4 - 7) + 5?
1
What is the value of 0 - 2 - 2 - (32 - 38)?
2
What is -4 - -5 - 4 - (2 + -3)?
-2
What is -4 + 1 + -2 + 4 + -1?
-2
What is 8 + (-3 - (-3 + 3 - -1))?
4
-2 - (-1 + 4 + -2) - -2
-1
4 - (0 - (-8 - -4))
0
Calculate -6 - (-2 + -3 - 7).
6
-6 - (-3 - (2 - 7) - 0)
-8
What is the value of (-17 - -5 - -2) + 2?
-8
Evaluate -3 + 1 - (2 - (8 + -12)).
-8
What is the value of 2 + -10 - (64 + -70)?
-2
What is the value of 6 + (0 - (6 + -2))?
2
Evaluate (0 + -6 - -4) + 1 + 4.
3
-13 + 4 - -7 - (0 - 1)
-1
Calculate (1 - 2) + -4 + 4.
-1
Evaluate (-5 - (-3 - 1)) + 3.
2
Calculate -3 + (-6 - -9) + 5 - 5.
0
Evaluate 5 + 2 + -16 + 3 + 4.
-2
-5 - (0 - (4 + 8))
7
What is the value of 5 - (-1 + -1 + 1 + 8)?
-2
What is the value of -3 + (0 - -1) + (3 - 1)?
0
What is 1 + -9 + 6 + -1?
-3
What is -3 - (2 + -6) - 5?
-4
Calculate 18 - (11 - 21 - -20).
8
Evaluate (-12 - -7) + 2 + 8.
5
Calculate (1 - 5) + (22 - 18).
0
Evaluate 2 + -1 - (5 - 4).
0
Evaluate -13 + (8 - 8) - -8.
-5
What is -8 + 4 + 13 + 2 + -5?
6
What is the value of -4 + (-2 + 8 - (6 + -3))?
-1
-3 + (-2 - -6) + -3 + -1
-3
What is the value of 1 - (8 - 5 - -4) - -3?
-3
Evaluate 6 + (3 - 2 - 10).
-3
Evaluate -4 + (5 - (6 + -3)) + 3.
1
Calculate -5 + (8 - -2 - (6 - 3)).
2
What is 17 - -1 - (1 + 8)?
9
What is (-1 + -2 - 1) + 849 + -835?
10
(0 + -3 - (-16 - -14)) + -1
-2
Evaluate (2 + -9 + 5 - 2) + 12.
8
Calculate -7 - ((1 - -5) + -14).
1
What is (-2 - (3 - 1)) + 3 + 2?
1
Calculate 1 + 1 + 3 - 5.
0
1 + -9 + (7 - 9) - -4
-6
What is the value of -1 - -4 - (4 - -4)?
-5
What is -5 + 2 + (10 - (-5 - -6))?
6
Evaluate (-16 - -6) + 5 - -6.
1
-1 - -2 - (-3 + 1)
3
(0 - 0) + -1 + 6
5
Calculate 3 - (0 - 1 - -4 - 6).
6
What is -5 - (1 + 4 + -5)?
-5
What is the value of 1 + 4 + 2 + -6?
1
Evaluate (4 - 9) + 3 + 2 - -1.
1
9 + (-5 - (-3 - -2))
5
What is -9 - (-5 - 1) - -5?
2
Calculate 2 + 4 + 0 + 0 + 2.
8
2 + (-5 - 1 - (-7 - -3))
0
What is the value of 5 - (3 + 8 + 6 + -10)?
-2
What is (5 - -5) + -4 + -8?
-2
What is 4 + 9 - 0 - 7?
6
19 - (30 + -11 + -9)
9
Evaluate 9 + (-2 - 3) + -5.
-1
-13 + 19 + (3 - 14)
-5
Calculate (-66 - -66) + -2 + 0.
-2
Evaluate -7 + 1 + (4 - -1) - -6.
5
6 + -7 + 8 + -4
3
0 + -3 - (22 - 24)
-1
What is (-3 - -8) + -3 + 2 - 1?
3
Evaluate -4 - -5 - (4 - -1).
-4
What is the value of 13 + -4 + 1 + -3?
7
Calculate 20 + -17 + (2 + 0 - -3).
8
(3 - 8) + (7 - -1)
3
What is 6 - (-4 + 8 + 1 + -3)?
4
What is (0 + 5 - 4) + (0 - 5)?
-4
What is the value of 3 + -6 + 2 + 0?
-1
What is 79 - 86 - (-12 - -1)?
4
What is the value of (5 - -1 - 0) + -9 + -3?
-6
What is (-3 - (-3 - 3) - -3) + -2?
4
What is (1 - (-2 + 5)) + -4?
-6
Calculate (1 - 5) + 26 + -20 + 4.
6
(-4 - -2 - -4) + -44 + 46
4
Evaluate 12 + -1 + (-6 - -5 - 7).
3
(-9 - -6) + (2 - -2)
1
Calculate 2 + 2 + -5 + 8 + -6.
1
Calculate 7 + -3 + -2 + (2 - 1).
3
Calculate 5 + -1 - (11 + -2).
-5
(1 - -2) + -2 + (-4 - 0)
-3
What is the value of 1 + (5 - ((6 - 1) + -6))?
7
Evaluate 2 - (8 + -5 + (0 - 2)).
1
What is -5 + (12 - 7) + (-2 - 1)?
-3
What is the value of 5 + (3 - 7) - (4 + 2)?
-5
What is (0 - -1) + -2 - (1 + -1)?
-1
-2 + 0 + 4 + (-7 - -2)
-3
11 + -1 + 20 + -31
-1
Calculate -19 - (-18 + 10) - -16.
5
What is the value of (5 - 2) + -6 + (-3 - -4)?
-2
What is the value of 5 - (2 - 3) - 7?
-1
Calculate -1 + 0 + (1 - (13 - 9)).
-4
Evaluate -3 - (-8 + 7) - (4 + -1).
-5
What is (-1 - -5) + -23 + 2 + 7?
-10
Evaluate -6 - 0 - (-36 - (-27 - -4)).
7
What is the value of -7 + (0 - (8 + -7 + -2))?
-6
What is the value of 8 + (-5 - 1) + 1?
3
(-4 - 0) + 2 + -7 + 11
2
Calculate (-4 - (-7 - -2)) + -6.
-5
What is the value of 1 + -3 + (-4 + 13 - 7)?
0
Calculate (-7 - -12 - 5) + -1.
-1
Evaluate 2 - ((-7 - -7) + -1).
3
21 + -25 + (2 - -1)
-1
Calculate 1 + 3 + (6 - 6).
4
6 + -1 + 1 + -6
0
Calculate 6 - -3 - (1 + 7 + -3).
4
Evaluate (-3 - (4 - 4)) + 2.
-1
What is -9 + 0 - (13 + -5 - 11)?